 = w + 45. Is j a prime number?
False
Suppose 0 = 2*u + 2*g - 1696, 10*u - 2*g - 3410 = 6*u. Is u a prime number?
False
Let l(c) = -67*c - 88. Is l(-27) a prime number?
True
Let r(u) = -2372*u**3 - 2*u - 2. Let o be r(-1). Suppose -9*s + 427 = -o. Is s prime?
True
Let x(f) = 8*f**2 - 2*f + 2. Let l be x(1). Suppose 0 = -y - 18 + 107. Let o = l + y. Is o a composite number?
False
Let r(p) = 19*p**2 - 21*p + 20. Let v be r(16). Is ((-8)/2)/(5 + v/(-908)) a prime number?
False
Suppose -2*q = -4*q - 9860. Let w = -3269 - q. Is w a composite number?
True
Suppose 0 = -7*n + 180744 + 439379. Is n prime?
True
Suppose 6*g + 19*g - 296575 = 0. Is g a composite number?
False
Is 0*9/(-45) - -77141 prime?
True
Let s = 66019 - 37808. Is s composite?
False
Suppose -5*o = 2*c + 25 - 9, -5*c + o = -14. Is c + (-3375)/(-5) - 0 prime?
True
Let i be (-26)/(-3) + (-4)/6. Suppose 2*g + 0*m - 14 = -2*m, 2*g = m + i. Suppose -335 = -g*k - 0*k. Is k composite?
False
Suppose 0 = -19*x + 13513 + 40200. Suppose x = 3*h - 2*u, 10*h - 5*h - 4719 = -4*u. Is h a prime number?
False
Suppose 2*h = -4*n + 6986, 2*n + 12280 = 5*h - 5185. Is h a prime number?
False
Is 1*(0 - 1)*(-291940)/44 prime?
False
Is 8413 + 6 + (7 - 7) a composite number?
False
Let l(k) = -196*k + 18. Let s be l(-5). Let y(d) = d - 1. Let h be y(4). Suppose h*q - 1018 = -4*j - j, 3*q + j = s. Is q a prime number?
True
Let y(l) = 4*l**3 - 2*l**2 - 3*l + 9. Is y(4) a prime number?
False
Suppose -j = y - 334, -2*y + 47 = j - 282. Let c = 1022 + j. Is c prime?
True
Let s(b) = 15*b**2 + 22*b - 547. Is s(14) a composite number?
True
Let w(t) = 64*t + 19*t + 27 - 20*t + 164*t. Is w(2) prime?
False
Let k(a) = -2*a**2 - 14*a**3 + 0*a - 4*a**3 + a. Suppose 4*z - 8*z - 8 = 0. Is k(z) a composite number?
True
Let d(k) = 11*k**2 + 5*k - 1. Is d(5) a composite number?
True
Let z(d) = 136*d**2 + 51*d - 38. Is z(17) a composite number?
True
Let g(j) = j**3 - 36*j**2 + 43*j + 59. Is g(42) composite?
True
Suppose -2*u + 10 = 2*v, -5*v + 6 = u - 11. Let o(g) = 9*g**2 - 2*g. Let t be o(u). Suppose -j = -t - 14. Is j a composite number?
True
Let b = -5559 + 12454. Suppose 4*s - 6 = 18. Suppose b = s*d + d. Is d prime?
False
Let q(h) be the first derivative of -h**4/4 + 11*h**3/3 + 5*h**2 + 11*h + 11. Is q(10) a prime number?
True
Suppose 8*l - 4 = -4. Is l - (-1765)/(-10)*-2 prime?
True
Suppose -97*f = -93*f - 536. Is f composite?
True
Let g(k) = -44*k**2 - 5*k - 5. Let j(i) = i**2 + i - 1. Let l(u) = -g(u) - 5*j(u). Is l(-5) composite?
True
Let r(y) = -75*y + 14. Let d(q) = 2*q**2 + 19*q + 15. Let u be d(-8). Is r(u) a composite number?
True
Let k be (-3)/6*8 + 249. Suppose d = 6*d - k. Is d a prime number?
False
Let x(d) = -d**3 - 25*d**2 - 41*d + 24. Is x(-25) prime?
True
Let h = 52 + -88. Is (-3)/h*3 - 475/(-4) a prime number?
False
Suppose -6*p - 3731 = -16769. Is p a composite number?
True
Suppose -11*q - 12 = -14*q. Suppose 4*h + 361 = 3*l, q*l - 3 = -3*h + 445. Is l prime?
False
Let p(k) = 56*k**3 - k**2 - 5*k + 3. Let o be p(6). Suppose h = 4*c + o, h + 36135 = 4*h - 3*c. Is h a composite number?
False
Let o(r) = -868*r - 263. Is o(-24) composite?
True
Let c = -511 + 742. Let g = -82 + c. Is g a prime number?
True
Is (3 + (-46796)/(-12))/(12/18) composite?
True
Is 161735/25 - (-2 + 36/15) a composite number?
False
Let n(r) = r**3 - 3*r**2 + 23957. Is n(0) a composite number?
False
Suppose -8*x - 15 = -87. Suppose 3*k - 8*k = 0. Let c = k + x. Is c a composite number?
True
Let n(l) = -160*l + 3. Let k be n(-2). Suppose k = -2*m + 3*m. Is m composite?
True
Let b(t) be the third derivative of 109*t**4/12 + 49*t**3/6 + 6*t**2. Is b(6) composite?
True
Suppose -3*h = 5*a - 30322, -5*h + 50542 = -2*a + 5*a. Is h composite?
True
Suppose 4*j = -3*b + 29, 4 = -b - 2*j + 11. Suppose 2*c - 5*c = 4*d - 20, -4*c + b = 3*d. Suppose 0 = 2*o - 3*n - 239, 2*o + c*n = -2*n + 264. Is o prime?
True
Let u(z) = -z**3 - 11*z**2 + 9*z - 8. Let q be -2 - (-1 + 2 + 8). Let m be u(q). Let d = 294 + m. Is d a prime number?
False
Let v(h) = h**3 + 4*h**2 - h - 4. Let y be v(-4). Suppose y = -2*p + 12. Suppose p = g - 71. Is g a prime number?
False
Let b(a) = 3*a + 463. Let y(i) = 1. Let s(j) = b(j) - 5*y(j). Let d be s(0). Let m = 51 + d. Is m composite?
False
Let n(b) = 6*b. Let i be n(3). Suppose 8*m - 2*f = 3*m + i, 16 = 4*m - 2*f. Suppose -153 = -3*z + m*z + 5*t, 0 = 5*z - t - 669. Is z prime?
False
Suppose 5*n - 4*g - 43685 = 0, 2*n = 5*g + 14340 + 3117. Is n prime?
True
Suppose 5374 = 2*f - 4*d, 5*f - 2*f = 5*d + 8058. Let m = f - 364. Is m a prime number?
False
Let z = -118 + -264. Is (-5)/5 - 2 - z composite?
False
Let a = -185 - -238. Is a a prime number?
True
Suppose -5*r = -8*r + 42. Is 4 + (1 - -642)*r/14 prime?
True
Is (-1 + 0)*-1191 - 0 prime?
False
Let y be (1/(-2))/(3/36). Let g be y/(-4)*822/3. Let s = g + -226. Is s a composite number?
True
Let i(l) = 145*l + 19. Let d(g) = 2*g**2 + 2*g + 6. Let t be d(-3). Suppose -t = -2*o - 6. Is i(o) a prime number?
False
Let y = 5640 - -257. Is y a prime number?
True
Suppose -2808*w + 2811*w = 21153. Is w a composite number?
True
Let x = 7174 + 907. Is x composite?
False
Suppose -14*u + 1304150 = 36*u. Is u composite?
False
Let z(w) be the third derivative of 101*w**6/180 - w**5/60 - w**4/24 + 2*w**3/3 - 2*w**2. Let u(t) be the first derivative of z(t). Is u(-1) a prime number?
False
Suppose 6*t - 4*t - 4 = 0. Suppose 3784 = 6*g + t*g. Is g a composite number?
True
Is 15/(-9) - (-120432)/72 composite?
True
Let s(f) = -f**2 + 5*f - 1. Let i be s(5). Is (i + 240)/(4/8) a composite number?
True
Is (-231)/(-22)*(1 + (-2726)/(-6)) a prime number?
False
Is 1*((-109 - 1) + -3)*-1 composite?
False
Suppose 2*z + z + 417 = w, 5*w - 2059 = 2*z. Is w prime?
False
Let v = 5 - 1. Suppose 0 = 2*x - x - v. Suppose 5*i - x*h = 1277, 0*h - 2 = -h. Is i a composite number?
False
Suppose 3*m - 882 + 198 = 0. Suppose -p + 859 = -m. Is p prime?
True
Let x = -339 + 752. Is x prime?
False
Suppose -3*a + 15 = -5*m, -m - 2*m + 10 = 2*a. Suppose 19 = -m*i + i. Suppose 3*l = i + 212. Is l a prime number?
False
Let i be 4/6 + ((-44)/(-6))/22. Let w(a) = a**2 - 8*a + 9. Let l be w(7). Is 2 - i - (l - 98) a prime number?
True
Let z be ((-826)/4)/((-2)/12). Let m = 395 + -667. Let n = z + m. Is n a prime number?
True
Let r(m) = m**2 - 5*m + 5. Let k be r(4). Let g be (0 + k)/(1/2). Let v = 39 - g. Is v a composite number?
False
Suppose 0*d + 3 = d. Suppose 15 = -d*r, -18 = 3*b + 5*r - 2*r. Is b*(-3 - -6)*-31 prime?
False
Let i = 23 - 93. Let a = i - -45. Let l = a - -46. Is l prime?
False
Suppose -4*w - 3129 = -12397. Is w prime?
False
Let s be 75/6*396/10. Suppose -3*w - 6 = 0, -2*r + 2*w - 344 = -2*w. Let q = r + s. Is q a prime number?
False
Suppose 2*r + 940 = 3*z, -4*z + 7*z = -4*r + 964. Suppose -3*h = -z + 94. Suppose 5*m - 1565 = -4*a, 0 = a + 3*m - h - 312. Is a a composite number?
True
Let j be 1*-15*(-6)/18. Suppose 0*q + j = q. Suppose 2*z + 101 = k, q*k + 4*z = 4*k + 89. Is k composite?
False
Suppose -5*q + 4443 = -2*y + 1475, 3*y = -5*q + 2948. Suppose c + c = q. Suppose 2*k - c = -2*k. Is k a prime number?
False
Let q = 35 + -36. Is q/(4/(-1880)) + 1/1 a composite number?
True
Suppose -x = 3*w - 1797 - 665, 2*w - 2461 = -x. Is x composite?
False
Let v be (-5)/(-2) + 5/(-10). Let m be 636/18*3/v. Suppose 2*k - k = m. Is k a composite number?
False
Let q(o) = 44*o**2 - 9*o - 17. Is q(-4) composite?
True
Let y = 1946 - 1162. Suppose 2*f + 54 = y. Is f a prime number?
False
Suppose -9*d = -11*d + 33842. Is d composite?
False
Let p(n) = -20*n - 35. Let r be p(-11). Suppose 3*h = a - r, -297 = -2*a + 3*h + 79. Is a prime?
True
Let o(l) = l**3 + l**2 + 8*l - 29. Is o(7) a prime number?
True
Suppose -39*r + 633 = -38*r. Is r prime?
False
Let b be (1/(-3))/(1/(-27)). Suppose 4*x - 75 = -x. Let u = x - b. Is u prime?
False
Let b = 1177 - 168. Is b composite?
False
Is 5 + 10/6 + (-22055)/(-15) a composite number?
True
Suppose 2*f - 18 = -5*y + 5*f, 2*y - 8 = 2*f. Suppose 3884 = y*o - 61. Is o a prime number?
False
Let a = 17273 - 9604. Is a prime?
True
Is 114/1311 + 616258/46 a composite number?
False
Let l be 2/4*(8 + 4). Suppose 1762 - 280 = l*k. Is k a prime number?
False
Let t(u) = -8*u + 3. Let i be t(-4). Sup